is divided by 5902.
472
Calculate the remainder when 7563 is divided by 4455.
3108
What is the remainder when 23701 is divided by 4699?
206
What is the remainder when 2038132 is divided by 16?
4
Calculate the remainder when 389288 is divided by 1855.
1593
Calculate the remainder when 23528959 is divided by 233.
153
What is the remainder when 23202 is divided by 1824?
1314
Calculate the remainder when 14569 is divided by 128.
105
Calculate the remainder when 2875111 is divided by 199.
158
What is the remainder when 508848 is divided by 13046?
54
What is the remainder when 103989 is divided by 7415?
179
What is the remainder when 4251843 is divided by 128843?
24
Calculate the remainder when 6321805 is divided by 641.
263
What is the remainder when 1777083 is divided by 4122?
501
What is the remainder when 11553611 is divided by 16600?
11
Calculate the remainder when 16727 is divided by 97.
43
Calculate the remainder when 97636277 is divided by 1195.
1192
What is the remainder when 109171797 is divided by 2300?
2297
Calculate the remainder when 1912434 is divided by 118.
8
Calculate the remainder when 59087896 is divided by 59087880.
16
Calculate the remainder when 2788695 is divided by 67.
21
What is the remainder when 109353 is divided by 601?
572
Calculate the remainder when 1422208 is divided by 474019.
151
Calculate the remainder when 451004 is divided by 45072.
284
Calculate the remainder when 1133875 is divided by 161982.
1
What is the remainder when 1091443 is divided by 989?
576
Calculate the remainder when 20063422 is divided by 64.
62
What is the remainder when 48199645 is divided by 8?
5
Calculate the remainder when 6915519 is divided by 1055.
1049
What is the remainder when 143022698 is divided by 344633?
3
What is the remainder when 81650 is divided by 5404?
590
Calculate the remainder when 25669237 is divided by 6417305.
17
Calculate the remainder when 8780830 is divided by 24596.
58
Calculate the remainder when 90810719 is divided by 1620.
1619
What is the remainder when 7046505 is divided by 1689?
1686
What is the remainder when 3071508 is divided by 8125?
258
Calculate the remainder when 77038556 is divided by 16.
12
What is the remainder when 7024875 is divided by 2?
1
What is the remainder when 21905324 is divided by 188839?
0
What is the remainder when 2970102 is divided by 22?
14
What is the remainder when 170365952 is divided by 8895?
17
Calculate the remainder when 810476 is divided by 18414.
260
What is the remainder when 7676229 is divided by 675?
129
What is the remainder when 51210646 is divided by 1045115?
11
Calculate the remainder when 444128 is divided by 29536.
1088
Calculate the remainder when 2134413 is divided by 2027.
2009
Calculate the remainder when 399182 is divided by 329.
105
Calculate the remainder when 47461340 is divided by 3786.
44
Calculate the remainder when 25774070 is divided by 2125.
2070
Calculate the remainder when 2265691 is divided by 21785.
51
What is the remainder when 222670 is divided by 222086?
584
What is the remainder when 46492864 is divided by 1323?
1321
Calculate the remainder when 4445676 is divided by 6509.
29
What is the remainder when 62553 is divided by 15540?
393
Calculate the remainder when 85208 is divided by 878.
42
What is the remainder when 922956 is divided by 94?
64
What is the remainder when 122377528 is divided by 5830?
5828
Calculate the remainder when 52899985 is divided by 363.
358
What is the remainder when 158394 is divided by 8215?
2309
Calculate the remainder when 345156 is divided by 1068.
192
What is the remainder when 3141289 is divided by 8377?
8291
Calculate the remainder when 61253974 is divided by 18356.
2
What is the remainder when 658689 is divided by 27445?
9
Calculate the remainder when 159499 is divided by 2212.
235
Calculate the remainder when 207742 is divided by 17097.
2578
Calculate the remainder when 630328 is divided by 695.
658
What is the remainder when 165409 is divided by 20641?
281
What is the remainder when 3347307 is divided by 128740?
67
Calculate the remainder when 3033103 is divided by 23696.
15
What is the remainder when 45535 is divided by 14986?
577
What is the remainder when 49981 is divided by 8308?
133
Calculate the remainder when 2478981 is divided by 45907.
3
What is the remainder when 10609161 is divided by 8739?
15
What is the remainder when 987790 is divided by 246942?
22
What is the remainder when 274278 is divided by 68394?
702
Calculate the remainder when 100858 is divided by 6207.
1546
What is the remainder when 66193 is divided by 660?
193
What is the remainder when 1840369 is divided by 1557?
1552
Calculate the remainder when 7818568 is divided by 54295.
88
What is the remainder when 180081046 is divided by 60027014?
4
Calculate the remainder when 30670 is divided by 13379.
3912
Calculate the remainder when 1382510 is divided by 387.
146
Calculate the remainder when 293571 is divided by 293567.
4
Calculate the remainder when 3732 is divided by 295.
192
Calculate the remainder when 41438 is divided by 13788.
74
Calculate the remainder when 689099910 is divided by 27.
24
What is the remainder when 895486 is divided by 6543?
5638
What is the remainder when 654421 is divided by 48?
37
What is the remainder when 6234974 is divided by 4110?
104
Calculate the remainder when 62489 is divided by 1108.
441
What is the remainder when 745776 is divided by 2654?
2
Calculate the remainder when 3104253 is divided by 33.
9
Calculate the remainder when 75050417 is divided by 1471.
1468
What is the remainder when 1925213 is divided by 245?
3
Calculate the remainder when 323633 is divided by 3047.
651
Calculate the remainder when 170181295 is divided by 99.
97
What is the remainder when 311688 is divided by 222?
0
Calculate the remainder when 147560 is divided by 16392.
32
What is the remainder when 12697327 is divided by 1188?
1171
Calculate the remainder when 106800021 is divided by 2316.
2313
What is the remainder when 9760977 is divided by 9760966?
11
What is the remainder when 111222 is divided by 2249?
1021
What is the remainder when 36586692 is divided by 12195551?
39
What is the remainder when 2172641 is divided by 434496?
161
Calculate the remainder when 5739192 is divided by 53140.
72
What is the remainder when 956588 is divided by 18?
14
What is the remainder when 86194384 is divided by 666?
664
Calculate the remainder when 438116 is divided by 219021.
74
What is the remainder when 2426010 is divided by 36209?
7
Calculate the remainder when 49990468 is divided by 15.
13
What is the remainder when 41686 is divided by 125?
61
What is the remainder when 908891 is divided by 1760?
731
Calculate the remainder when 197679 is divided by 98755.
169
What is the remainder when 10140739 is divided by 87?
19
What is the remainder when 65246 is divided by 65209?
37
What is the remainder when 3202757 is divided by 7246?
25
What is the remainder when 11841532 is divided by 9?
7
Calculate the remainder when 476508 is divided by 47645.
58
Calculate the remainder when 48288083 is divided by 233.
231
What is the remainder when 25444845 is divided by 15?
0
What is the remainder when 26691 is divided by 635?
21
What is the remainder when 48707 is divided by 4840?
307
Calculate the remainder when 14923024 is divided by 5370.
5164
Calculate the remainder when 42799 is divided by 10397.
1211
What is the remainder when 34801264 is divided by 4607?
4593
What is the remainder when 225894 is divided by 443?
407
What is the remainder when 510952 is divided by 255181?
590
What is the remainder when 134282 is divided by 66913?
456
What is the remainder when 18358120 is divided by 1763?
1
What is the remainder when 135429 is divided by 44809?
1002
Calculate the remainder when 13082697 is divided by 50.
47
What is the remainder when 119526 is divided by 2602?
2436
Calculate the remainder when 97519 is divided by 393.
55
What is the remainder when 25071183 is divided by 65?
33
What is the remainder when 66368 is divided by 21938?
554
What is the remainder when 57472566 is divided by 33?
30
What is the remainder when 19823150 is divided by 404554?
4
What is the remainder when 11680258 is divided by 161?
30
Calculate the remainder when 1423885 is divided 